- r*s - 13. Is b a composite number?
True
Let z be ((-3)/2)/(2/4). Is (3 + z + -409)*-1 prime?
True
Let t be 13*(2 - 4)/(-2). Let n = t + -9. Suppose -3*r = -f - 32, -n*r + 30 = 3*f + 2*f. Is r a prime number?
False
Suppose 0*p = -4*p + 48. Suppose 10*a - p*a = -154. Is a composite?
True
Let z(i) = i**2 + 13*i + 7. Is z(10) composite?
True
Let x be 3*1*(1 + 0). Suppose x + 1 = -4*l. Let v = 20 - l. Is v prime?
False
Suppose 0*l = -3*l + 1113. Is l composite?
True
Let r(n) = -n + 10. Let a be r(8). Is 63/a + 3/(-6) prime?
True
Let a(l) = -l. Let c be a(-2). Suppose -b + 1254 = 3*s, 3*s - c*b - 1014 = 249. Is s a composite number?
False
Suppose -7*b + 3*b = 3*u - 8762, 5*u = -5*b + 10955. Is b a composite number?
True
Suppose -t = -2*t + 101. Let k = t - -100. Is k composite?
True
Let b = 4 + -4. Suppose 3*r + 117 - 12 = b. Let f = -25 - r. Is f prime?
False
Let f(v) = 2*v**2 + v - v + v + 0*v**2 - 1. Is f(-3) composite?
True
Let v(r) = r**2 + r + 52. Let u be v(0). Suppose -4*c + 0*c = -u. Is c prime?
True
Let o(n) = -6*n + 3 + 0 - 2 - 18*n. Is o(-1) a composite number?
True
Let z be (-4)/(-20) - (-6888)/10. Let q = z + -440. Suppose q = -i + 4*i. Is i composite?
False
Let m be ((-21)/14)/(2/4). Let v(g) = g**3 - 2*g - 1. Let i be v(-1). Is 132 - (i - m)/3 prime?
True
Let l(m) = 9*m**2 + 6*m + 3. Let t be l(-2). Let j = -14 + t. Is j a composite number?
False
Let g(b) = -b**2 - 10*b - 1. Is g(-8) composite?
True
Suppose -5*m + 1783 = -4*r, -5*r + 1771 = 5*m - 3*r. Is m composite?
True
Let j = 3 - -6. Is (-4)/((-12)/j) - -46 composite?
True
Let b(d) = -d**3 - 2*d**2. Let c be b(-2). Suppose -4*a + 291 - 79 = c. Is a a composite number?
False
Is (-2 + 1)*-2*249/2 a composite number?
True
Suppose 3*j + 2*p = 0, -2*p + 0*p = 0. Is 1 + -1*(j + -34) a composite number?
True
Let p be -3*(-5)/((-60)/(-8)). Suppose -5*k = -h - 1475, -123 = 3*k - p*h - 1008. Is k a composite number?
True
Let m be (0 - 2)/2*0. Suppose 2*w - 6*w + 76 = m. Is w a composite number?
False
Let f = 22 + -37. Let m be f/(-6)*1*2. Suppose 9 = -3*v - 3, 347 = m*n - 3*v. Is n prime?
True
Suppose -103 - 530 = -3*k. Is k a prime number?
True
Suppose -12*v + 11*v + 291 = 0. Is v prime?
False
Suppose -y = -5*g + 16766, 0 = 4*g + 3*y - 5436 - 7973. Is g a composite number?
True
Let t(z) = z**2 - 3*z - 5. Let w be t(6). Suppose 5*d - w - 12 = 0. Suppose 5*i + g + g = 439, -d*g = 4*i - 341. Is i a composite number?
False
Suppose 0 = -5*f + 5363 + 462. Let j = f - 750. Is j composite?
True
Let y = -1 - -3. Let u(h) = -4 + y + 3 - h. Is u(-2) a composite number?
False
Suppose -w - w = p + 3, 3*w = 4*p + 12. Let c(q) = q + 5. Let h be c(w). Suppose -h*l - u + 4*u + 32 = 0, -2*u = -l + 5. Is l composite?
False
Suppose -4*u = -2*z - 70, -u + 35 = -0*u - 4*z. Suppose 3 = 3*o - u. Is o prime?
False
Let y(q) = -q**2 - 3*q + 1. Let b be y(-3). Is -19*(b + -2)*1 a prime number?
True
Let v be 1/(-2) + 2/4. Suppose v = -4*u + u + 18. Is u/(-4)*-2 - -20 a composite number?
False
Let k(f) be the third derivative of 0 + 3*f**2 + 1/24*f**4 + 89/6*f**3 + 0*f. Is k(0) prime?
True
Is 1/(-1*1/(-53)) composite?
False
Let s(i) = i + 14. Let z be s(-11). Let r(u) = 3 + 1 - 4 + 26*u - z. Is r(5) composite?
False
Let h(y) = y**2 + 9*y + 9. Suppose -t - 1 + 0 = 0, -4 = c - 5*t. Is h(c) a composite number?
True
Suppose 0 = 3*k + 6, -4*n + 52 = -0*n - 2*k. Let d = -7 + n. Suppose 0*h - 415 = -d*h. Is h composite?
False
Suppose 0 = -5*h + h + 36. Suppose 111 = 4*x + 5*q, -4*q = 2*x - 67 + 7. Let t = x - h. Is t a composite number?
True
Let y(i) = -i**3 + 5*i**2 - 2*i - 1. Let j be y(3). Is (-562)/(-16) - j/88 prime?
False
Is 0 + 14/(-63) + 12755/9 composite?
True
Suppose -2*h = -h - 3. Suppose 0 = w - j - h, 0 = w - 0*w + 2*j - 3. Suppose -2*s + 50 = w*s. Is s composite?
True
Let r be -1 + 5 + (-3 - -2). Suppose -2*m - r*m = -470. Is m composite?
True
Suppose 4*h + 0*h - 5*u + 11 = 0, -4*u - 16 = 3*h. Let o(l) = -l**2 - 6*l - 1. Is o(h) a composite number?
False
Let l be 4*((-18)/4 - -4). Is (l + -2)*1774/(-8) a composite number?
False
Suppose 0*t + 3*t + 386 = 2*c, -c + 4*t + 183 = 0. Is c a composite number?
False
Suppose -3*v + 270 + 619 = 4*l, 2*v - 616 = 2*l. Is v composite?
True
Let w = 1021 + -426. Suppose -4*s - s + w = 0. Is s prime?
False
Suppose 3*o - 5*w - 598 = -0*o, 0 = -4*o + w + 769. Let t = -80 + o. Is t a prime number?
False
Let a(w) = -w**3 + 5*w**2 + 7*w + 7. Let l be a(6). Suppose -l - 7 = -4*s. Suppose s*d - 220 = 35. Is d a prime number?
False
Suppose -7*j + 1967 = -896. Is j a prime number?
True
Suppose -q = -1 - 1. Suppose 3*a - q*t = 141, -162 = -3*a - 9*t + 4*t. Is a a prime number?
False
Let i(a) = a**3 + a. Let m be i(1). Let o = 484 - 317. Suppose 5*g = 4*f - 8*f + o, m*g = -f + 65. Is g a composite number?
False
Suppose -8*y + 20 = -4*y. Suppose y*k = -2 - 8. Is k/(-3)*(-711)/(-6) a composite number?
False
Suppose r + 3*p = 52, -3*p = -2*r + 16 + 52. Let x be (-2)/7 + (-2)/(-7). Suppose x = 5*n + 3*u - 89, 5*u + 46 = 4*n - r. Is n a composite number?
False
Let k be (15/2)/((-1)/2). Let c = 36 + k. Is c a composite number?
True
Suppose 0 = -2*o - 2*z + 92, 5*o - z - 248 = -0*z. Is o prime?
False
Let o(y) = -5*y - 1. Let h be o(-1). Suppose -c + 3*m + 9 = 0, h*c + 2*m = m + 88. Is c a prime number?
False
Let u(x) = -x**3 + 17*x**2 - 26*x + 11. Is u(12) a prime number?
True
Let k = 3 + -5. Is k/(-4) - 505/(-10) a composite number?
True
Let i(k) = -6 + 12*k + 4 + 45*k + 3. Is i(12) prime?
False
Let x = 2399 - 1692. Is x a composite number?
True
Suppose 5*f = -0*f + 4*c - 128, -4*c = -f - 16. Let i be f/16 - 2/8. Let m = 53 - i. Is m composite?
True
Suppose -3*i + 11 - 2 = 3*j, 2*i - 3*j - 1 = 0. Let y = 15 - i. Is y a prime number?
True
Suppose -d = 4*s + 11, -5*d + 19 = s - 2. Suppose -537 = -d*f - 67. Is f a composite number?
True
Let a(y) = y**3 + 6*y**2 - 2*y - 6. Let i be a(-5). Suppose 0 = -0*b - 2*b + 20. Let x = i - b. Is x a prime number?
True
Let r be 2/4 - (-1)/2. Let l be 9/(-2)*(3 - r). Is (-6)/(-27) + (-457)/l a prime number?
False
Let g be 6/(-42) + (-1016)/(-7). Suppose -5*d + 240 = -g. Is d composite?
True
Let y(s) be the second derivative of s**6/120 + 3*s**5/20 + s**4/4 - 7*s**3/6 + s**2 - 3*s. Let b(k) be the first derivative of y(k). Is b(-7) composite?
True
Suppose 0 = 5*a - 3*a - 120. Suppose 0 = -3*t + 5*z + a, -2*z - 45 = -2*t + 3*z. Is t a composite number?
True
Suppose -3*s = z - 4*z - 681, -4*s - 3*z + 901 = 0. Is s composite?
True
Let i(o) = -o**3 - 9*o**2 - 11*o - 3. Let a be i(-8). Let t = 1 + a. Is t a composite number?
True
Let o = -332 + 1585. Is o prime?
False
Let a = 6 - 3. Suppose 2*k = a*k. Suppose k = -4*h + 3*m + 2*m + 15, -h = 3*m - 25. Is h a prime number?
False
Is 4/24 + 8036/24 prime?
False
Let g = 76 + 35. Is g a composite number?
True
Let d(x) = -3 + 54*x**2 + 7*x - 5 - 4*x + 9. Is d(-2) prime?
True
Suppose 359 = 2*g - 2*s + 5*s, 4*s = 4*g - 708. Let q = 413 - g. Suppose 0 = -5*k + q + 40. Is k a composite number?
True
Let u = -7 - -43. Suppose 4*j + 176 = -u. Let f = -6 - j. Is f a prime number?
True
Let p(z) = z + 37. Let w be 5*2/(4 + -2). Suppose -w*b - 3 = -a, -a + 3 = 3*b - b. Is p(b) prime?
True
Let g(p) = 64*p - 5. Is g(10) a prime number?
False
Suppose -5*x = -15, 0*j + 2*j - 15 = x. Suppose 5*p = -4*a + 35, -p + j = -2*p - 4*a. Is p composite?
False
Suppose 2*n + 5*l = -n + 1532, -3*l - 506 = -n. Is n prime?
True
Let o(a) = 17*a**3 + 4*a**2 - 7*a + 5. Is o(5) prime?
False
Let z = -302 + 216. Is (z/6)/(1/(-6)) a prime number?
False
Let g = 4 - 4. Suppose g = 5*x - 193 - 102. Is x a prime number?
True
Let m be (-2)/(-8) - 6261/(-12). Let a = m + -361. Is a composite?
True
Let x(j) = 177*j**3 + j**2 - j + 1. Is x(1) a composite number?
True
Suppose 2*n - 1291 = 3*o, -4*n = -2*o - 1915 - 655. Is n a prime number?
True
Suppose 1 = g - 2. Suppose -g*b + 21 = -2*i, 0*b + 10 = 2*b. Let v = -1 - i. Is v a composite number?
False
Let v be -6*(-3)/(-6)*-1. Let s = 81 + -35. Suppose -l - s = -v*l. Is l a composite number?
False
Let g be (-1 - -2) + (-15)/(-3). Let s(m) = 2*m**2 - 9*m + 1. Let b be s(g). Let j = b + -6. Is j a composite number?
False
Suppose -3*g + 1 = 4. Let p(a) = 5*a**2 + a. Let m be p(g). Suppose 5*x + v - 11 - 139 = 0, 4*